o(35).
-17
Let f(w) = 35*w - 401. Give f(12).
19
Let s(j) = -j**3 - 79*j**2 - 33*j - 2605. Give s(-79).
2
Let g(c) = -c**3 + 47*c**2 - 470*c + 259. What is g(33)?
-5
Let w(c) = c**3 + 35*c**2 - 38*c - 47. Give w(-36).
25
Let o(j) = 10257*j + 10254. What is o(-1)?
-3
Let c(a) = -a**3 - 6*a**2 - 18*a - 63. What is c(-5)?
2
Let i(j) = -6*j**2 - 568*j + 1968. Calculate i(-98).
8
Let a(q) = q**3 - 85*q**2 - 175*q + 92. What is a(87)?
5
Let r(u) = -14*u + 773. Give r(66).
-151
Let s(o) = -14*o - 202. Calculate s(-16).
22
Let c(y) = -y**3 + 2*y**2 - 2*y + 5. Determine c(0).
5
Let s(v) = 48*v**3 + 3*v**2 - 22*v + 33. Calculate s(2).
385
Let f(a) = -4*a**2 + 72*a - 181. Determine f(15).
-1
Let p(d) = -242*d - 841. Determine p(-7).
853
Let i(k) = 664*k - 15272. Calculate i(23).
0
Let p(m) = -m**3 + 29*m**2 - 20*m - 100. Give p(28).
124
Let a(j) = -17*j**3 + 2*j**2 - 4*j + 6. Give a(2).
-130
Let w(n) = -422*n + 9791. Calculate w(23).
85
Let r(c) = -c**2 - 23*c - 89. Give r(-5).
1
Let s(j) = -j**3 + 6*j**2 + 12*j + 17. Give s(8).
-15
Let b(q) = -813*q + 12205. Give b(15).
10
Let o(m) = m**2 - 280*m - 568. What is o(-2)?
-4
Let x(z) = -z**2 + 628*z - 86709. Determine x(205).
6
Let z(u) = 3*u**3 - 3*u**2 - 9*u - 11. What is z(-2)?
-29
Let n(b) = -b**3 - 73*b**2 + 152*b + 30. Give n(-75).
-120
Let g(r) = 23*r**2 + 107*r - 144. Calculate g(1).
-14
Let p(l) = -l**3 - 50*l**2 + 47*l - 208. Give p(-51).
-4
Let m(p) = -8*p**2 - 483*p - 173. What is m(-60)?
7
Let h(b) = -b**2 + 3*b + 4147. Calculate h(-63).
-11
Let c(i) = i**3 - 41*i**2 + 414*i - 35. What is c(23)?
-35
Let n(t) = 149*t - 493. Determine n(3).
-46
Let q(b) = 12*b - 440. Determine q(37).
4
Let f(z) = -47*z**3 - 21*z**2 + z + 1. Give f(0).
1
Let x(l) = l**3 - 3*l**2 + 2*l - 749. What is x(0)?
-749
Let n(l) = -l**3 + 85*l**2 + 109*l - 1851. Give n(86).
127
Let s(w) = -w**2 - 54*w - 452. Determine s(-44).
-12
Let f(t) = -4*t**2 + 25*t - 6. Calculate f(7).
-27
Let d(m) = -2*m**2 - 48*m + 504. Calculate d(8).
-8
Let q(b) = 34*b - 616. Calculate q(9).
-310
Let a(o) = 2*o**2 + 55*o + 240. Calculate a(-23).
33
Let q(p) = -19*p**2 - 14*p + 17. Determine q(2).
-87
Let s(k) = -k**2 - 3*k - 27. Determine s(6).
-81
Let q(z) = 2*z**2 + 275*z + 8617. Give q(-89).
-16
Let z(w) = -3*w**2 - 92*w + 4667. Determine z(27).
-4
Let d(p) = 29*p**2 + 927*p + 79. Determine d(-32).
111
Let p(v) = -11425*v + 251359. Give p(22).
9
Let s(m) = -m**3 - 30*m**2 - 246*m - 548. Calculate s(-8).
12
Let f(u) = -u**3 - 14*u**2 + 287*u + 116. Give f(-25).
-184
Let q(u) = -5*u**3 - 26*u**2 + 16. Calculate q(-5).
-9
Let c(g) = -g**3 - 17*g**2 - 8*g - 90. Calculate c(-17).
46
Let x(p) = 4*p**3 - 21*p**2 + 9*p - 13. Determine x(5).
7
Let h(q) = 175*q - 72. Determine h(5).
803
Let j(x) = x**3 + 93*x**2 + 257*x - 1159. Give j(-90).
11
Let v(p) = -p**2 - 182*p + 368. Determine v(2).
0
Let h(k) = 5*k**2 + 166*k + 1148. What is h(-10)?
-12
Let d(k) = -k**3 + 24*k**2 + 118*k. Calculate d(-4).
-24
Let i(k) = k**3 + 10*k**2 - 77*k + 29. Calculate i(-15).
59
Let u(k) = k**3 - 23*k**2 + 2*k + 442. Determine u(22).
2
Let j(g) = -g**3 - 40*g**2 + 40*g + 110. Determine j(-41).
151
Let u(a) = a**3 + 15*a**2 - 5*a - 63. Give u(-15).
12
Let z(s) = s**2 - 2*s - 195. Calculate z(-17).
128
Let m(i) = 279*i - 10623. Calculate m(38).
-21
Let a(u) = -u**3 + 39*u**2 + 50*u - 401. Determine a(40).
-1
Let r(v) = v**3 - 4*v**2 - 3*v - 10. Calculate r(3).
-28
Let u(r) = -2*r**3 - 87*r**2 - 40*r + 80. Give u(-43).
-49
Let y(g) = -2*g**2 - 164*g - 768. Give y(-77).
2
Let v(q) = 41*q + 168. Calculate v(-4).
4
Let m(k) = -k**2 - 75*k - 1289. What is m(-48)?
7
Let h(p) = -21*p**2 - 13*p - 32. What is h(-2)?
-90
Let x(v) = -v**2 - 4*v + 10. Give x(-6).
-2
Let j(a) = -17*a - 637. Determine j(-39).
26
Let c(t) = 4*t**2 + 5*t - 18. What is c(-5)?
57
Let r(x) = 885*x - 15061. Determine r(17).
-16
Let f(y) = 124*y - 863. What is f(7)?
5
Let b(d) = d**2 - 505*d - 97. Give b(0).
-97
Let s(t) = -t**2 + 256*t + 9248. Calculate s(-32).
32
Let l(q) = -4*q**2 - 309*q + 251. Give l(-78).
17
Let h(i) = i**2 - 196*i + 5769. Give h(36).
9
Let m(n) = -n**2 + 111*n - 2728. Give m(36).
-28
Let a(k) = 18*k**3 - 4*k**2 + 5*k - 2. Calculate a(1).
17
Let w(b) = -b**3 + 7*b**2 + 29. Calculate w(7).
29
Let z(x) = x**2 + 37*x + 34. What is z(-1)?
-2
Let p(u) = -4*u**3 - 21*u**2 + 126*u + 660. What is p(-5)?
5
Let v(u) = -3*u**3 + 95*u**2 - 163*u + 79. Determine v(30).
-311
Let f(y) = -408*y - 106895. Calculate f(-262).
1
Let k(s) = -s**3 + 46*s**2 - 481*s + 25. Give k(30).
-5
Let y(j) = -j**2 - 31*j - 87. What is y(-28)?
-3
Let d(u) = 239*u + 5771. Give d(-25).
-204
Let o(k) = 51*k**2 + 133*k + 571. What is o(-4)?
855
Let g(h) = -h**2 - 42*h - 397. What is g(-14)?
-5
Let r(g) = -12*g + 41. Calculate r(6).
-31
Let y(g) = -6*g**2 + 142*g + 1838. Give y(33).
-10
Let i(w) = w**3 + 16*w**2 - 31*w + 20. Determine i(-18).
-70
Let w(b) = -125*b - 842. What is w(-3)?
-467
Let v(a) = 8*a**2 - 145*a + 677. What is v(5)?
152
Let o(p) = -5*p**3 - 5*p**2 - 181*p - 178. What is o(-1)?
3
Let l(k) = 2*k**3 + 58*k**2 + 67*k + 302. Give l(-28).
-6
Let c(n) = -16*n**2 + 59*n + 59. Give c(-1).
-16
Let m(q) = -q**3 - 39*q**2 - 62*q + 174. Calculate m(-37).
-270
Let v(q) = -q**2 + 89*q - 21. Determine v(89).
-21
Let x(s) = s**3 - 9*s**2 - 43*s - 677. What is x(15)?
28
Let y(v) = 18*v**3 - 4*v**2 + 17*v + 14. Calculate y(0).
14
Let o(a) = 59*a - 1540. Determine o(26).
-6
Let w(d) = -2*d**3 + 6*d**2 + 18*d - 22. What is w(6)?
-130
Let s(x) = -x**3 - 7*x**2 + x - 23. Determine s(-6).
-65
Let c(n) = -12*n**3 + 48*n**2 + 76*n - 312. Give c(4).
-8
Let h(q) = q**3 + 13*q**2 + 2*q + 13. What is h(-13)?
-13
Let g(l) = 8*l**2 - 20*l - 81. Give g(-2).
-9
Let u(i) = -2*i**2 + 42*i - 117. Give u(7).
79
Let t(b) = -3*b**3 + 132*b**2 + 277*b + 55. What is t(46)?
101
Let q(h) = h**2 - 140*h + 4732. Give q(83).
1
Let m(r) = -r**3 + 45*r**2 - 369*r - 48. Determine m(11).
7
Let f(x) = 11*x**2 - 45*x + 88. What is f(2)?
42
Let d(t) = 10*t**3 + 11*t**2 - 14*t + 3. Give d(1).
10
Let z(v) = -2*v**2 - 52*v + 726. Determine z(-37).
-88
Let p(h) = -15*h - 1354. Give p(-90).
-4
Let q(v) = v**2 - 18*v + 18. What is q(19)?
37
Let j(h) = 2*h**3 - 3*h**2 + 6469*h - 12937. Give j(2).
5
Let f(y) = y**2 + 8*y + 31. Calculate f(-14).
115
Let g(n) = -218*n - 3286. Calculate g(-15).
-16
Let l(a) = -a**2 - 163*a + 664. Determine l(4).
-4
Let n(g) = -3364*g + 16796. Calculate n(5).
-24
Let w(n) = 3*n**2 - 310*n + 2118. Calculate w(96).
6
Let q(s) = 379*s + 4189. What is q(-11)?
20
Let p(o) = -o**3 + 25*o**2 - 30*o + 123. Calculate p(24).
-21
Let k(m) = -20*m - 64. Determine k(3).
-124
Let a(h) = -5*h**2 + 11*h + 53. Determine a(-7).
-269
Let y(j) = -30*j + 44. Calculate y(-14).
464
Let h(b) = b**3 - 7*b**2 - 167*b + 371. What is h(16)?
3
Let q(x) = 23338*x - 46674. Calculate q(2).
2
Let i(s) = 1227*s + 11024. Give i(-9).
-19
Let h(t) = -21*t - 400. Give h(-19).
-1
Let g(o) = 5795*o + 98510. What is g(-17)?
-5
Let k(a) = 76*a + 10002. Give k(-133).
-106
Let q(s) = 24*s**3 - 5*s**2 - 21*s - 17. Calculate q(-3).
-647
Let d(t) = -44*t + 586. Calculate d(16).
-118
Let m(a) = -a**3 + 8*a**2 - 10*a - 10. What is m(3)?
5
Let j(x) = -3*x**2 - 9*x + 13. Calculate j(2).
-17
Let z(b) = b**2 + 54*b - 328. Give z(6).
32
Let o(y) = y**3 + 7*y**2 + 14*y - 12. Calculate o(4).
220
Let w(o) = 3756*o - 41289. Determine w(11).
27
Let f(m) = 182*m + 1692. Give f(-9).
54
Let q(n) = -2*n**3 + 20*n**2 - 27*n - 22. Calculate q(9).
-103
Let v(o) = 5*o + 47. Give v(-3).
32
Let g(c) = -20*c - 60. Give g(-5).
40
Let j(a) = -4*a**3 + 151*a**2 + 33*a + 48. Calculate j(38).
-142
Let f(v) = 8*v + 153. Give f(-38).
-151
Let n(y) = 1590*y + 54054. What is n(-34)?
-6
Let m(r) = -33*r - 436. Give m(-8).
-172
Let q(k) = -k**3 + 18*k**2 - 296*k + 4763. Give q(17).
20
Let p(y) = 7*y - 320. Determine p(0).
-320
Let l(w) = -w**2 - 215*w - 1077. Give l(-5).
-27
Let v(r) = r**3 - 63*r**2 + 899*r + 110. Determine v(41).
-13
Let k(v) = 23*v**2 + 316*v - 28. What is k(-14)?
56
Let z(i) = 40*i - 2684. What is z(68)?
36
Let u(w) = -w**2 + 22*w + 61. What is u(-2)?
13
Let z(h) = -2*h**3 - 36*h**2 - 60. Give z(-18).
-60
Let d(i) = 2*i**3 - 70*i**2 - 70*i - 372. Give d(36).
-300
Let l(s) = -s**3 + 30*s**2 - 